{"id":11,"date":"2023-10-10T20:24:27","date_gmt":"2023-10-10T20:24:27","guid":{"rendered":"https:\/\/creches-molsheim.fr\/les-loulous\/specificites\/"},"modified":"2025-09-22T09:20:20","modified_gmt":"2025-09-22T08:20:20","slug":"specificites","status":"publish","type":"page","link":"https:\/\/creches-molsheim.fr\/les-loulous\/fonctionnement\/specificites\/","title":{"rendered":"Sp\u00e9cificit\u00e9s"},"content":{"rendered":"\n<p><strong>Nettoyage \u00c9cologique<\/strong> : nous n\u2019utilisons pas de produits chimiques dans les espaces d\u00e9di\u00e9s aux enfants, mais un nettoyeur vapeur, vinaigre blanc et pierre d\u2019argent.<\/p>\n\n\n\n<p><strong>Le Fait-Maison\u00a0:<\/strong><br><img loading=\"lazy\" decoding=\"async\" width=\"8\" height=\"11\" src=\"https:\/\/web.archive.org\/web\/20201020004455im_\/http:\/\/www.creches-molsheim.fr\/squelettes-dist\/puce.gif\" alt=\"-\">\u00a0les yaourts et compotes sont r\u00e9alis\u00e9s au jour le jour sans sucres ajout\u00e9s<\/p>\n\n\n\n<p>Respect de la loi EGALIM :<\/p>\n\n\n\n<ul class=\"wp-block-list\">\n<li>Repas BIO (20%)<\/li>\n\n\n\n<li>Repas issus de Label Fran\u00e7ais (50%)<\/li>\n\n\n\n<li>HACCP<\/li>\n\n\n\n<li>La cr\u00e8che n&rsquo;utilise pas de contenants ou ustensiles en plastiques.<\/li>\n<\/ul>\n\n\n\n<p><strong>Le soin aux enfants<\/strong><br><img loading=\"lazy\" decoding=\"async\" width=\"8\" height=\"11\" src=\"https:\/\/web.archive.org\/web\/20201020004455im_\/http:\/\/www.creches-molsheim.fr\/squelettes-dist\/puce.gif\" alt=\"-\">\u00a0le liniment est \u00e9labor\u00e9 par nos soins \u00e0 base d\u2019huile d\u2019olive bio et d\u2019eau de chaux<br><img loading=\"lazy\" decoding=\"async\" width=\"8\" height=\"11\" src=\"https:\/\/web.archive.org\/web\/20201020004455im_\/http:\/\/www.creches-molsheim.fr\/squelettes-dist\/puce.gif\" alt=\"-\">\u00a0les couches sont \u00e9cologiques (sans colle, sans solvant et plus fines)<\/p>\n","protected":false},"excerpt":{"rendered":"<p>Nettoyage \u00c9cologique : nous n\u2019utilisons pas de produits chimiques dans les espaces d\u00e9di\u00e9s aux enfants, mais un nettoyeur vapeur, vinaigre blanc et pierre d\u2019argent. Le Fait-Maison\u00a0:\u00a0les yaourts et compotes sont r\u00e9alis\u00e9s au jour le jour sans sucres ajout\u00e9s Respect de la loi EGALIM : Le soin aux enfants\u00a0le liniment est \u00e9labor\u00e9 par nos soins \u00e0&#8230;  <a class=\"excerpt-read-more\" href=\"https:\/\/creches-molsheim.fr\/les-loulous\/fonctionnement\/specificites\/\" title=\"LireSp\u00e9cificit\u00e9s\">Lire la suite &raquo;<\/a><\/p>\n","protected":false},"author":1,"featured_media":0,"parent":10,"menu_order":0,"comment_status":"closed","ping_status":"closed","template":"home.php","meta":{"_glsr_average":0,"_glsr_ranking":0,"_glsr_reviews":0,"footnotes":""},"class_list":["post-11","page","type-page","status-publish","hentry"],"_links":{"self":[{"href":"https:\/\/creches-molsheim.fr\/les-loulous\/wp-json\/wp\/v2\/pages\/11","targetHints":{"allow":["GET"]}}],"collection":[{"href":"https:\/\/creches-molsheim.fr\/les-loulous\/wp-json\/wp\/v2\/pages"}],"about":[{"href":"https:\/\/creches-molsheim.fr\/les-loulous\/wp-json\/wp\/v2\/types\/page"}],"author":[{"embeddable":true,"href":"https:\/\/creches-molsheim.fr\/les-loulous\/wp-json\/wp\/v2\/users\/1"}],"replies":[{"embeddable":true,"href":"https:\/\/creches-molsheim.fr\/les-loulous\/wp-json\/wp\/v2\/comments?post=11"}],"version-history":[{"count":6,"href":"https:\/\/creches-molsheim.fr\/les-loulous\/wp-json\/wp\/v2\/pages\/11\/revisions"}],"predecessor-version":[{"id":237,"href":"https:\/\/creches-molsheim.fr\/les-loulous\/wp-json\/wp\/v2\/pages\/11\/revisions\/237"}],"up":[{"embeddable":true,"href":"https:\/\/creches-molsheim.fr\/les-loulous\/wp-json\/wp\/v2\/pages\/10"}],"wp:attachment":[{"href":"https:\/\/creches-molsheim.fr\/les-loulous\/wp-json\/wp\/v2\/media?parent=11"}],"curies":[{"name":"wp","href":"https:\/\/api.w.org\/{rel}","templated":true}]}}