{"id":15,"date":"2023-10-10T20:24:27","date_gmt":"2023-10-10T20:24:27","guid":{"rendered":"https:\/\/creches-molsheim.fr\/les-loulous\/menus\/"},"modified":"2025-09-22T10:04:32","modified_gmt":"2025-09-22T09:04:32","slug":"menus","status":"publish","type":"page","link":"https:\/\/creches-molsheim.fr\/les-loulous\/menus\/","title":{"rendered":"Menus"},"content":{"rendered":"\n<p>Les menus sont \u00e9tablis \u00e0 la semaine en fonction des saisons, des arrivages de fruits et l\u00e9gumes et des capacit\u00e9s des enfants.<br>Ainsi les plats propos\u00e9s en \u00ab&nbsp;morceaux&nbsp;\u00bb pour les plus grands seront mix\u00e9s plus ou moins finement pour les plus petits.<br>Nous suivons bien s\u00fbr les directives parentales concernant la diversification alimentaire.<\/p>\n\n\n\n<p>Le laitage du lundi est le seul laitage \u00ab&nbsp;achet\u00e9&nbsp;\u00bb car nous ne pouvons pas le r\u00e9aliser du matin pour le midi, les autres laitages \u00e9tant faits-maison.<\/p>\n\n\n\n<p class=\"has-text-align-center has-large-font-size\" style=\"text-decoration:underline;text-transform:capitalize\">\ud83c\udf7d\ufe0f Menus du 22 au 26 septembre 2025 : \ud83c\udf7d\ufe0f<\/p>\n\n\n\n<p class=\"has-medium-font-size\">Lundi : Lentilles, Carottes, Oeufs<\/p>\n\n\n\n<p class=\"has-medium-font-size\">Mardi : Pizza au jambon<\/p>\n\n\n\n<p class=\"has-medium-font-size\">Mercredi : Ebly, \u00e9pinards, Knacks <\/p>\n\n\n\n<p class=\"has-medium-font-size\">Jeudi : Viande hach\u00e9e, Ma\u00efs, Riz, Sauce tomate<\/p>\n\n\n\n<p class=\"has-medium-font-size\">Vendredi : Pur\u00e9e de pommes de terre-carottes, lardons<\/p>\n\n\n\n<p><\/p>\n\n\n\n<p>Les collations sont compos\u00e9es de fruits, c\u00e9r\u00e9ales et les go\u00fbters sont compos\u00e9s de fruits de saisons ainsi que de fromages.<\/p>\n","protected":false},"excerpt":{"rendered":"<p>Les menus sont \u00e9tablis \u00e0 la semaine en fonction des saisons, des arrivages de fruits et l\u00e9gumes et des capacit\u00e9s des enfants.Ainsi les plats propos\u00e9s en \u00ab&nbsp;morceaux&nbsp;\u00bb pour les plus grands seront mix\u00e9s plus ou moins finement pour les plus petits.Nous suivons bien s\u00fbr les directives parentales concernant la diversification alimentaire. Le laitage du lundi&#8230;  <a class=\"excerpt-read-more\" href=\"https:\/\/creches-molsheim.fr\/les-loulous\/menus\/\" title=\"LireMenus\">Lire la suite &raquo;<\/a><\/p>\n","protected":false},"author":1,"featured_media":0,"parent":0,"menu_order":0,"comment_status":"closed","ping_status":"closed","template":"home.php","meta":{"_glsr_average":0,"_glsr_ranking":0,"_glsr_reviews":0,"footnotes":""},"class_list":["post-15","page","type-page","status-publish","hentry"],"_links":{"self":[{"href":"https:\/\/creches-molsheim.fr\/les-loulous\/wp-json\/wp\/v2\/pages\/15","targetHints":{"allow":["GET"]}}],"collection":[{"href":"https:\/\/creches-molsheim.fr\/les-loulous\/wp-json\/wp\/v2\/pages"}],"about":[{"href":"https:\/\/creches-molsheim.fr\/les-loulous\/wp-json\/wp\/v2\/types\/page"}],"author":[{"embeddable":true,"href":"https:\/\/creches-molsheim.fr\/les-loulous\/wp-json\/wp\/v2\/users\/1"}],"replies":[{"embeddable":true,"href":"https:\/\/creches-molsheim.fr\/les-loulous\/wp-json\/wp\/v2\/comments?post=15"}],"version-history":[{"count":5,"href":"https:\/\/creches-molsheim.fr\/les-loulous\/wp-json\/wp\/v2\/pages\/15\/revisions"}],"predecessor-version":[{"id":252,"href":"https:\/\/creches-molsheim.fr\/les-loulous\/wp-json\/wp\/v2\/pages\/15\/revisions\/252"}],"wp:attachment":[{"href":"https:\/\/creches-molsheim.fr\/les-loulous\/wp-json\/wp\/v2\/media?parent=15"}],"curies":[{"name":"wp","href":"https:\/\/api.w.org\/{rel}","templated":true}]}}

<p>Les menus sont établis à la semaine en fonction des saisons, des arrivages de fruits et légumes et des capacités des enfants.<br>Ainsi les plats proposés en «&nbsp;morceaux&nbsp;» pour les plus grands seront mixés plus ou moins finement pour les plus petits.<br>Nous suivons bien sûr les directives parentales concernant la diversification alimentaire.</p>



<p>Le laitage du lundi est le seul laitage «&nbsp;acheté&nbsp;» car nous ne pouvons pas le réaliser du matin pour le midi, les autres laitages étant faits-maison.</p>



<p class="has-text-align-center has-large-font-size" style="text-decoration:underline;text-transform:capitalize">🍽️ Menus du 22 au 26 septembre 2025 : 🍽️</p>



<p class="has-medium-font-size">Lundi : Lentilles, Carottes, Oeufs</p>



<p class="has-medium-font-size">Mardi : Pizza au jambon</p>



<p class="has-medium-font-size">Mercredi : Ebly, épinards, Knacks </p>



<p class="has-medium-font-size">Jeudi : Viande hachée, Maïs, Riz, Sauce tomate</p>



<p class="has-medium-font-size">Vendredi : Purée de pommes de terre-carottes, lardons</p>



<p></p>



<p>Les collations sont composées de fruits, céréales et les goûters sont composés de fruits de saisons ainsi que de fromages.</p>

<p>Les menus sont établis à la semaine en fonction des saisons, des arrivages de fruits et légumes et des capacités des enfants.Ainsi les plats proposés en «&nbsp;morceaux&nbsp;» pour les plus grands seront mixés plus ou moins finement pour les plus petits.Nous suivons bien sûr les directives parentales concernant la diversification alimentaire. Le laitage du lundi&#8230;  <a class="excerpt-read-more" href="https://creches-molsheim.fr/les-loulous/menus/" title="LireMenus">Lire la suite &raquo;</a></p>
