{"id":200,"date":"2025-09-01T10:14:25","date_gmt":"2025-09-01T09:14:25","guid":{"rendered":"https:\/\/creches-molsheim.fr\/les-loulous\/?page_id=200"},"modified":"2025-09-08T09:29:01","modified_gmt":"2025-09-08T08:29:01","slug":"lequipe","status":"publish","type":"page","link":"https:\/\/creches-molsheim.fr\/les-loulous\/la-creche\/lequipe\/","title":{"rendered":"L&rsquo;\u00e9quipe"},"content":{"rendered":"\n<h3 class=\"wp-block-heading\">Pr\u00e9sentation de l&rsquo;\u00e9quipe de la micro-cr\u00e8che<\/h3>\n\n\n\n<p>Notre \u00e9quipe est compos\u00e9e de professionnels passionn\u00e9s et engag\u00e9s dans l\u2019accompagnement bienveillant des tout-petits. Chacun de nos membres poss\u00e8de des comp\u00e9tences sp\u00e9cifiques qui viennent enrichir l\u2019accueil et le d\u00e9veloppement global de chaque enfant.<\/p>\n\n\n\n<p><strong>Marine<\/strong><br>Titulaire du CAP Petite Enfance depuis 2014, Marine est \u00e9galement form\u00e9e aux massages b\u00e9b\u00e9 Tha\u00eflandais. Elle met \u00e0 profit ses comp\u00e9tences pour apporter bien-\u00eatre et douceur aux tout-petits au quotidien.<\/p>\n\n\n\n<p><strong>Gwendoline<\/strong><br>Dipl\u00f4m\u00e9e du CAP Petite Enfance depuis 2018, Gwendoline est en cours d\u2019obtention de son dipl\u00f4me d\u2019\u00c9ducatrice de Jeunes Enfants. Elle est \u00e9galement form\u00e9e au Baby Signe, un outil pr\u00e9cieux pour favoriser la communication avec les b\u00e9b\u00e9s avant l\u2019acquisition du langage.<\/p>\n\n\n\n<p><strong>Val\u00e9rie<\/strong><br>Avec son CAP Petite Enfance obtenu en 2013, Val\u00e9rie apporte son exp\u00e9rience et sa bienveillance dans l\u2019accompagnement des enfants au quotidien, en respectant leurs rythmes et leurs besoins.<\/p>\n\n\n\n<p><strong>Jonathan<\/strong><br>Titulaire du CAP Accompagnant \u00c9ducatif Petite Enfance (AEPE) depuis 2022, Jonathan est form\u00e9 \u00e0 plusieurs approches sp\u00e9cifiques : le langage des Signes associ\u00e9e \u00e0 la parole (LSF), l\u2019alimentation du jeune enfant, les gestes pulsionnels, ainsi qu\u2019\u00e0 la p\u00e9dagogie Montessori. Jonathan est en cours d\u2019obtention de son dipl\u00f4me d\u2019\u00c9ducateur de Jeunes Enfants.<br><br><br><br><br><br><br><strong>Comp\u00e9tences transversales<\/strong><\/p>\n\n\n\n<p>Toute l\u2019\u00e9quipe est form\u00e9e aux <strong>gestes de premiers secours<\/strong>, ainsi qu\u2019\u00e0 l\u2019<strong>hygi\u00e8ne et la s\u00e9curit\u00e9 alimentaire<\/strong>, afin de garantir un environnement sain et s\u00e9curis\u00e9 pour chaque enfant accueilli.<\/p>\n\n\n\n<div class=\"wp-block-group\"><div class=\"wp-block-group__inner-container is-layout-constrained wp-block-group-is-layout-constrained\">\n<p><\/p>\n<\/div><\/div>\n\n\n\n<p><\/p>\n","protected":false},"excerpt":{"rendered":"<p>Pr\u00e9sentation de l&rsquo;\u00e9quipe de la micro-cr\u00e8che Notre \u00e9quipe est compos\u00e9e de professionnels passionn\u00e9s et engag\u00e9s dans l\u2019accompagnement bienveillant des tout-petits. Chacun de nos membres poss\u00e8de des comp\u00e9tences sp\u00e9cifiques qui viennent enrichir l\u2019accueil et le d\u00e9veloppement global de chaque enfant. MarineTitulaire du CAP Petite Enfance depuis 2014, Marine est \u00e9galement form\u00e9e aux massages b\u00e9b\u00e9 Tha\u00eflandais. Elle&#8230;  <a class=\"excerpt-read-more\" href=\"https:\/\/creches-molsheim.fr\/les-loulous\/la-creche\/lequipe\/\" title=\"LireL&rsquo;\u00e9quipe\">Lire la suite &raquo;<\/a><\/p>\n","protected":false},"author":1,"featured_media":0,"parent":6,"menu_order":0,"comment_status":"closed","ping_status":"closed","template":"no-header.php","meta":{"_glsr_average":0,"_glsr_ranking":0,"_glsr_reviews":0,"footnotes":""},"class_list":["post-200","page","type-page","status-publish","hentry"],"_links":{"self":[{"href":"https:\/\/creches-molsheim.fr\/les-loulous\/wp-json\/wp\/v2\/pages\/200","targetHints":{"allow":["GET"]}}],"collection":[{"href":"https:\/\/creches-molsheim.fr\/les-loulous\/wp-json\/wp\/v2\/pages"}],"about":[{"href":"https:\/\/creches-molsheim.fr\/les-loulous\/wp-json\/wp\/v2\/types\/page"}],"author":[{"embeddable":true,"href":"https:\/\/creches-molsheim.fr\/les-loulous\/wp-json\/wp\/v2\/users\/1"}],"replies":[{"embeddable":true,"href":"https:\/\/creches-molsheim.fr\/les-loulous\/wp-json\/wp\/v2\/comments?post=200"}],"version-history":[{"count":3,"href":"https:\/\/creches-molsheim.fr\/les-loulous\/wp-json\/wp\/v2\/pages\/200\/revisions"}],"predecessor-version":[{"id":205,"href":"https:\/\/creches-molsheim.fr\/les-loulous\/wp-json\/wp\/v2\/pages\/200\/revisions\/205"}],"up":[{"embeddable":true,"href":"https:\/\/creches-molsheim.fr\/les-loulous\/wp-json\/wp\/v2\/pages\/6"}],"wp:attachment":[{"href":"https:\/\/creches-molsheim.fr\/les-loulous\/wp-json\/wp\/v2\/media?parent=200"}],"curies":[{"name":"wp","href":"https:\/\/api.w.org\/{rel}","templated":true}]}}

L&rsquo;équipe

<h3 class="wp-block-heading">Présentation de l&rsquo;équipe de la micro-crèche</h3>



<p>Notre équipe est composée de professionnels passionnés et engagés dans l’accompagnement bienveillant des tout-petits. Chacun de nos membres possède des compétences spécifiques qui viennent enrichir l’accueil et le développement global de chaque enfant.</p>



<p><strong>Marine</strong><br>Titulaire du CAP Petite Enfance depuis 2014, Marine est également formée aux massages bébé Thaïlandais. Elle met à profit ses compétences pour apporter bien-être et douceur aux tout-petits au quotidien.</p>



<p><strong>Gwendoline</strong><br>Diplômée du CAP Petite Enfance depuis 2018, Gwendoline est en cours d’obtention de son diplôme d’Éducatrice de Jeunes Enfants. Elle est également formée au Baby Signe, un outil précieux pour favoriser la communication avec les bébés avant l’acquisition du langage.</p>



<p><strong>Valérie</strong><br>Avec son CAP Petite Enfance obtenu en 2013, Valérie apporte son expérience et sa bienveillance dans l’accompagnement des enfants au quotidien, en respectant leurs rythmes et leurs besoins.</p>



<p><strong>Jonathan</strong><br>Titulaire du CAP Accompagnant Éducatif Petite Enfance (AEPE) depuis 2022, Jonathan est formé à plusieurs approches spécifiques : le langage des Signes associée à la parole (LSF), l’alimentation du jeune enfant, les gestes pulsionnels, ainsi qu’à la pédagogie Montessori. Jonathan est en cours d’obtention de son diplôme d’Éducateur de Jeunes Enfants.<br><br><br><br><br><br><br><strong>Compétences transversales</strong></p>



<p>Toute l’équipe est formée aux <strong>gestes de premiers secours</strong>, ainsi qu’à l’<strong>hygiène et la sécurité alimentaire</strong>, afin de garantir un environnement sain et sécurisé pour chaque enfant accueilli.</p>



<div class="wp-block-group"><div class="wp-block-group__inner-container is-layout-constrained wp-block-group-is-layout-constrained">
<p></p>
</div></div>



<p></p>

<p>Présentation de l&rsquo;équipe de la micro-crèche Notre équipe est composée de professionnels passionnés et engagés dans l’accompagnement bienveillant des tout-petits. Chacun de nos membres possède des compétences spécifiques qui viennent enrichir l’accueil et le développement global de chaque enfant. MarineTitulaire du CAP Petite Enfance depuis 2014, Marine est également formée aux massages bébé Thaïlandais. Elle&#8230;  <a class="excerpt-read-more" href="https://creches-molsheim.fr/les-loulous/la-creche/lequipe/" title="LireL&rsquo;équipe">Lire la suite &raquo;</a></p>
